 digit of x?
3
Let i(h) = -1631*h**3 - 2*h - 2. What is the units digit of i(-1)?
1
Let h = 104 - 69. Suppose y - h = 26. What is the units digit of y?
1
Let q(y) = 8*y**2 - 25*y - 18. What is the units digit of q(-6)?
0
Suppose 0 = q - 2, 0 = 2*y + 4*q - 67 - 273. Let m = 329 - y. What is the hundreds digit of m?
1
Let f(q) be the third derivative of -q**4/2 + 2*q**3/3 + 236*q**2. Let x be 22/(-5) - (-6)/15. What is the units digit of f(x)?
2
Suppose 3*o = -5*w + 52, -4*w + 14 = -3*o - 6. Suppose w*n = n + 1890. What is the tens digit of n?
7
Suppose 3*y = 3*k - 21, -3 = 4*k - 5*k. Let i(u) = 2*u**2 + 3*u + 6. What is the units digit of i(y)?
6
Let i(q) = -25*q**3 + 3*q**2 + 2*q - 2. What is the hundreds digit of i(-3)?
6
Let c(i) = -i**2 - 12*i - 8. Let z(r) = r**2 + 9*r - 6. Let k = -18 - -9. Let m be z(k). What is the units digit of c(m)?
8
Let z = 2605 + -627. What is the hundreds digit of z?
9
Suppose 128*p - 148*p = -81760. What is the tens digit of p?
8
Let u(f) = f**3 - 22*f**2 - 64*f + 48. What is the hundreds digit of u(27)?
9
Let s be 3/(3/9*-1). Let y = -12 - s. What is the units digit of -2 + 3 + -3 - y?
1
Suppose 5*r = g - 567, -17*g + 571 = -16*g - r. What is the tens digit of g?
7
Let s = -919 + 1216. What is the units digit of s?
7
Suppose -5*k = 3*o + 12 - 5, 0 = -4*k + 5*o + 24. Let b(p) = 5*p**2 + 3*p - 1. What is the units digit of b(k)?
7
Suppose 143*s + 1620 = 147*s. What is the hundreds digit of s?
4
Suppose 0 = 2*x + 3*l - 1, -4*l + 0 = -x - 5. Let j(c) = -12*c**3 - c**2 - c - 1. What is the tens digit of j(x)?
1
Let r(j) = 5*j**2 + 5*j + 4. Let g(m) = 14*m**2 + 14*m + 12. Let w be (-27)/18*2*-1. Let l(n) = w*g(n) - 8*r(n). What is the tens digit of l(-4)?
2
Suppose 0 = 4*k - 5*o - 0*o - 8552, 2*o + 2135 = k. What is the units digit of k?
3
Let u = -741 - -490. Let q = 71 - u. What is the hundreds digit of q?
3
Let j = 1521 - 1278. What is the hundreds digit of j?
2
Let d(h) = -40*h - 442. What is the hundreds digit of d(-51)?
5
Let m(x) = -96*x + 200. What is the tens digit of m(-10)?
6
Let l be -32*9/(18/(-8)). Suppose -2*p + 4*a = -l, a + 3*a = -3*p + 212. What is the units digit of p?
8
Suppose -5*t + 0*l + 1960 = 5*l, 5*t = 3*l + 1984. What is the hundreds digit of t?
3
What is the units digit of ((-84)/4)/(20/(-940))?
7
Let g(m) be the second derivative of m**4/4 + 7*m**3/6 - 4*m**2 + 24*m. What is the hundreds digit of g(8)?
2
What is the hundreds digit of 4*-1*(95132/16)/(-17)?
3
Let a = -12 - -14. What is the tens digit of (-1400)/(-44) + 6 - a/(-11)?
3
Let r(f) = 47*f - 43. What is the units digit of r(9)?
0
Suppose -4 = l - 1. What is the tens digit of (1696/(-24))/(2/l) + 3?
0
Let b = -535 - -780. Let c(q) = -q + 5. Let r be c(0). Suppose b = r*d + 85. What is the units digit of d?
2
Let n be 6*(2/(-6))/1*2. What is the units digit of n/10 + (-1628)/(-20)?
1
Suppose -1 = -2*x - 4*r + 3, 0 = 3*x - 2*r - 30. Suppose -4*l - 244 = -x*l. What is the tens digit of l?
6
Let x(i) = 92*i**3 + 7*i**2 + 5*i - 6. What is the units digit of x(3)?
6
Let n(h) = h**3 + h**2 - h. Let i(u) = u**3 - 6*u**2 + 6*u + 1. Let p(m) = i(m) - 2*n(m). What is the units digit of p(-9)?
0
Let t(m) = 2*m**3 + m**2 + m - 1. Let y be t(1). Suppose -u + y = 1. Suppose 5*z - u*p - 136 = 0, -2*z = 3*z - 4*p - 142. What is the units digit of z?
6
Let a(o) = -32 + 34 - 14*o + 2*o. What is the tens digit of a(-8)?
9
Suppose -2*c - 363 = -c. Let g = c - -742. Suppose 2*y = -5*f + 5*y + g, 4*f - 4*y - 308 = 0. What is the units digit of f?
4
Suppose 0 = 4*g + 4*p - 2020, -g + 520 = 4*p - 0*p. What is the units digit of g?
0
Let b = -1805 - -2809. What is the units digit of b?
4
Let a = 1204 + -845. Let v = a + -173. What is the units digit of v?
6
Let o(c) = -31*c**3 - 5*c**2 - 6*c - 2. What is the hundreds digit of o(-2)?
2
What is the hundreds digit of (-2 + 22)*(434/4)/7?
3
Let v(r) = -1705*r - 2. Let m be v(7). Let f be m/(-18) + (-5)/30. What is the units digit of f/(-26)*(-4)/3?
4
Let n(s) = -s - 12. Let j be n(-14). Suppose 9 = j*v + v. Suppose v*u - 1 = 95. What is the units digit of u?
2
Suppose -f + 3*h + 18 = -0*h, 5*f - 175 = -2*h. Suppose 0 = -3*t - f + 3. What is the units digit of t*((-12)/15)/1?
8
Let a(v) = -2*v + 2*v + 25 - 16 - v. What is the units digit of a(-4)?
3
Suppose 4*m + 2 + 6 = 0. Let o(a) = a**2 + 5*a - 8. Let s be o(-7). Let d = s - m. What is the units digit of d?
8
Let z(g) = g. Let q be z(1). Let i(h) = -14*h + 7. Let b(l) = 7*l - 3. Let a(v) = 5*b(v) + 2*i(v). What is the units digit of a(q)?
6
Let p(b) = -b**3 - 12*b**2 - 9*b + 24. Let c be p(-11). What is the tens digit of (3 + -2 - c)*-242?
4
Suppose -5*s - 2*h = -136, 5*h - 33 = 4*s - 155. Let u be (-219)/(-9)*(-1 + s). What is the tens digit of u/15 + (-1)/(-5)?
4
Suppose 3*f + 3 + 12 = 0. Let z(y) = y**2 + 8*y + 6. Let k be z(f). Let d = -3 - k. What is the units digit of d?
6
Let m be (-6)/(-15) + 16/10. Suppose -5 = 5*o, -3*q - 3*o - 223 = -4*q. Suppose m*u + q = 6*u. What is the units digit of u?
5
Suppose 3*v = 5*k - 14, -2*k + 4*k = 2*v + 4. Suppose -j = k*b - 489, -600 = -4*b + 5*j - 141. What is the units digit of b?
1
Let v(q) be the second derivative of q**5/20 + 11*q**4/12 + 13*q**3/6 + 5*q**2 - 32*q. What is the hundreds digit of v(-7)?
1
Let d(b) = 2*b**2 - 12*b + 9. Let k = 31 + -23. Let f be d(k). Let c = 80 - f. What is the units digit of c?
9
Let u(n) = -n - 15. Let o be u(-14). Let l(t) = 65*t**2 - 2*t - 1. What is the tens digit of l(o)?
6
Let y = -33 - -23. Suppose -4*g - 2*q = 54, g = 4*q - 1 - 8. Let d = y - g. What is the units digit of d?
3
Suppose x - 537 = -t, 2*x + 752 + 306 = 2*t. What is the units digit of t?
3
Suppose -4*q = -4*j - 9*q + 26, 0 = 2*q - 4. Let u = -3 + 39. What is the tens digit of -33*j/(u/(-15))?
5
Let a = -52 - -57. Suppose 19 = 3*b + 2*q, 2*q + 2*q = -a*b + 33. What is the units digit of b?
5
Let b(o) = 4*o**2 + 7*o + 27. What is the hundreds digit of b(8)?
3
Let n(u) = 146*u + 107. What is the thousands digit of n(10)?
1
Let s = 8 - 6. Let r(w) = 14*w**2 + 17*w - 2. Let a be r(-2). Suppose 0 = -s*y + a + 12. What is the tens digit of y?
1
Let v = 1857 - 980. What is the tens digit of v?
7
Let w(k) be the second derivative of -k**5/20 - 5*k**4/12 + k**3/3 + 9*k**2/2 - 19*k. What is the tens digit of w(-7)?
9
What is the hundreds digit of 3/(-9) - 842/(-6)?
1
Suppose 0 = y - 7*n + 3*n + 4, -y = n - 6. Suppose y*m - 448 = 428. What is the tens digit of m?
1
Suppose 1709 = 6*t - 2*t + 3*j, -5*t - j = -2139. What is the tens digit of t?
2
Let r(u) be the first derivative of 2*u**3/3 - 3*u**2 + 6*u + 7. What is the tens digit of r(-9)?
2
Suppose 81 = -3*f - 66. Let c = f + 171. What is the units digit of c?
2
Let l(g) = -2*g**2 - 39*g + 9. What is the hundreds digit of l(-13)?
1
Let n be ((-3894)/(-27) - 1) + 8/(-36). Suppose 3*a = 2*o - 197, o - a + 47 - n = 0. What is the tens digit of o?
9
Let n(g) = 7*g**3 + 4*g**2 - 3*g - 5. Let u be n(-4). Let f = 587 + u. What is the tens digit of f?
1
Suppose 0 = -5*m + 25, 4*o - m - 11646 - 3193 = 0. What is the units digit of o?
1
Let d(p) = 15*p**2 - 1. What is the units digit of d(4)?
9
Let x(z) = z + 14. Let a be x(-11). Suppose 0*g - 15 = -g. Suppose -q + a*j = -g, -2*j + 13 = 3*q - 10. What is the units digit of q?
9
What is the hundreds digit of 5/35 - -1*7472/28?
2
Let a = -23 + 27. Suppose 9*n - 14 = 4*n - 4*j, n - a*j - 22 = 0. What is the units digit of n?
6
Let o(l) = l**2 + 12*l - 19. Suppose 6 = -5*r + 1, 5*r = 4*x - 29. What is the tens digit of o(x)?
8
Suppose 13 = -9*s + 49. Suppose 3*b + 0*b = -3*l + 87, 120 = s*l + 3*b. What is the units digit of l?
3
Let m(u) = -u - 10. Let b be m(-9). Let d be ((-35)/(-14))/(b/(-2)). Suppose -d*p + 65 = 5. What is the tens digit of p?
1
Let y = 80 - 50. Let l = -34 - -15. Let i = y + l. What is the units digit of i?
1
Suppose 0 = 2*j + 5*z - 103 - 69, 0 = -j + 2*z + 104. Suppose -229 = -5*c + x, 0*c + 2*c - j = -4*x. What is the tens digit of c?
4
Let b(s) = 1 + 54*s**3 - 78*s**2 - 14*s**3 + 77*s**2 - s. What is the units digit of b(1)?
9
Let n(f) = f - 10. Let k be n(10). Let p = k - -22. What is the units digit of p?
2
What is the units digit of (-27 + 61)/(1 + 1)?
7
Let k(s) = 7*s - 1. Let v(p) = p**2 - 14*p +